[INFO] fetching crate mira 0.1.21...
[INFO] checking mira-0.1.21 against master#9610dfe5a9a731ced1ea4923ecbd0c57fe367898 for beta-170-4
[INFO] extracting crate mira 0.1.21 into /workspace/builds/worker-5-tc1/source
[INFO] validating manifest of crates.io crate mira 0.1.21 on toolchain 9610dfe5a9a731ced1ea4923ecbd0c57fe367898
[INFO] running `Command { std: CARGO_HOME="/workspace/cargo-home" RUSTUP_HOME="/workspace/rustup-home" "/workspace/cargo-home/bin/cargo" "+9610dfe5a9a731ced1ea4923ecbd0c57fe367898" "metadata" "--manifest-path" "Cargo.toml" "--no-deps", kill_on_drop: false }`
[INFO] started tweaking crates.io crate mira 0.1.21
[INFO] finished tweaking crates.io crate mira 0.1.21
[INFO] tweaked toml for crates.io crate mira 0.1.21 written to /workspace/builds/worker-5-tc1/source/Cargo.toml
[INFO] crate crates.io crate mira 0.1.21 already has a lockfile, it will not be regenerated
[INFO] running `Command { std: CARGO_HOME="/workspace/cargo-home" RUSTUP_HOME="/workspace/rustup-home" "/workspace/cargo-home/bin/cargo" "+9610dfe5a9a731ced1ea4923ecbd0c57fe367898" "fetch" "--manifest-path" "Cargo.toml", kill_on_drop: false }`
[INFO] [stderr]     Updating crates.io index
[INFO] [stderr]  Downloading crates ...
[INFO] [stderr]   Downloaded nom v7.1.0
[INFO] [stderr]   Downloaded clang-sys v1.3.1
[INFO] [stderr]   Downloaded which v4.2.4
[INFO] [stderr]   Downloaded build-target v0.4.0
[INFO] [stderr]   Downloaded proc-macro2 v1.0.30
[INFO] [stderr]   Downloaded syn v1.0.80
[INFO] running `Command { std: "docker" "create" "-v" "/var/lib/crater-agent-workspace/builds/worker-5-tc1/target:/opt/rustwide/target:rw,Z" "-v" "/var/lib/crater-agent-workspace/builds/worker-5-tc1/source:/opt/rustwide/workdir:ro,Z" "-v" "/var/lib/crater-agent-workspace/cargo-home:/opt/rustwide/cargo-home:ro,Z" "-v" "/var/lib/crater-agent-workspace/rustup-home:/opt/rustwide/rustup-home:ro,Z" "-e" "SOURCE_DIR=/opt/rustwide/workdir" "-e" "CARGO_TARGET_DIR=/opt/rustwide/target" "-e" "CARGO_HOME=/opt/rustwide/cargo-home" "-e" "RUSTUP_HOME=/opt/rustwide/rustup-home" "-w" "/opt/rustwide/workdir" "-m" "1610612736" "--user" "0:0" "--network" "none" "ghcr.io/rust-lang/crates-build-env/linux@sha256:19e73879b68f455e41552ea35293514db52ea292d993f571636dbffedb77a1ee" "/opt/rustwide/cargo-home/bin/cargo" "+9610dfe5a9a731ced1ea4923ecbd0c57fe367898" "metadata" "--no-deps" "--format-version=1", kill_on_drop: false }`
[INFO] [stdout] 8bf11414c9030c108828762fdfb81d2b8fccc7dedceb981a4423b3fdf441cadf
[INFO] running `Command { std: "docker" "start" "-a" "8bf11414c9030c108828762fdfb81d2b8fccc7dedceb981a4423b3fdf441cadf", kill_on_drop: false }`
[INFO] running `Command { std: "docker" "inspect" "8bf11414c9030c108828762fdfb81d2b8fccc7dedceb981a4423b3fdf441cadf", kill_on_drop: false }`
[INFO] running `Command { std: "docker" "rm" "-f" "8bf11414c9030c108828762fdfb81d2b8fccc7dedceb981a4423b3fdf441cadf", kill_on_drop: false }`
[INFO] [stdout] 8bf11414c9030c108828762fdfb81d2b8fccc7dedceb981a4423b3fdf441cadf
[INFO] running `Command { std: "docker" "create" "-v" "/var/lib/crater-agent-workspace/builds/worker-5-tc1/target:/opt/rustwide/target:rw,Z" "-v" "/var/lib/crater-agent-workspace/builds/worker-5-tc1/source:/opt/rustwide/workdir:ro,Z" "-v" "/var/lib/crater-agent-workspace/cargo-home:/opt/rustwide/cargo-home:ro,Z" "-v" "/var/lib/crater-agent-workspace/rustup-home:/opt/rustwide/rustup-home:ro,Z" "-e" "SOURCE_DIR=/opt/rustwide/workdir" "-e" "CARGO_TARGET_DIR=/opt/rustwide/target" "-e" "CARGO_INCREMENTAL=0" "-e" "RUST_BACKTRACE=full" "-e" "RUSTFLAGS=--cap-lints=forbid" "-e" "RUSTDOCFLAGS=--cap-lints=forbid" "-e" "CARGO_HOME=/opt/rustwide/cargo-home" "-e" "RUSTUP_HOME=/opt/rustwide/rustup-home" "-w" "/opt/rustwide/workdir" "-m" "1610612736" "--user" "0:0" "--network" "none" "ghcr.io/rust-lang/crates-build-env/linux@sha256:19e73879b68f455e41552ea35293514db52ea292d993f571636dbffedb77a1ee" "/opt/rustwide/cargo-home/bin/cargo" "+9610dfe5a9a731ced1ea4923ecbd0c57fe367898" "check" "--frozen" "--all" "--all-targets" "--message-format=json", kill_on_drop: false }`
[INFO] [stdout] d048ffc9548ca6bc05ee46f8348ded41f58e1e285237085f5cc45bd40c7fbbc8
[INFO] running `Command { std: "docker" "start" "-a" "d048ffc9548ca6bc05ee46f8348ded41f58e1e285237085f5cc45bd40c7fbbc8", kill_on_drop: false }`
[INFO] [stderr]    Compiling memchr v2.4.1
[INFO] [stderr]    Compiling libc v0.2.119
[INFO] [stderr]    Compiling proc-macro2 v1.0.30
[INFO] [stderr]    Compiling unicode-xid v0.2.2
[INFO] [stderr]    Compiling glob v0.3.0
[INFO] [stderr]    Compiling log v0.4.14
[INFO] [stderr]    Compiling unicode-width v0.1.9
[INFO] [stderr]    Compiling regex-syntax v0.6.25
[INFO] [stderr]    Compiling termcolor v1.1.2
[INFO] [stderr]    Compiling vec_map v0.8.2
[INFO] [stderr]    Compiling humantime v2.1.0
[INFO] [stderr]    Compiling ansi_term v0.12.1
[INFO] [stderr]    Compiling nom v7.1.0
[INFO] [stderr]    Compiling libloading v0.7.0
[INFO] [stderr]    Compiling strsim v0.8.0
[INFO] [stderr]    Compiling syn v1.0.80
[INFO] [stderr]    Compiling bindgen v0.59.2
[INFO] [stderr]    Compiling textwrap v0.11.0
[INFO] [stderr]    Compiling either v1.6.1
[INFO] [stderr]    Compiling build-target v0.4.0
[INFO] [stderr]     Checking once_cell v1.8.0
[INFO] [stderr]     Checking const-cstr v0.3.0
[INFO] [stderr]    Compiling clang-sys v1.3.1
[INFO] [stderr]    Compiling aho-corasick v0.7.18
[INFO] [stderr]    Compiling quote v1.0.10
[INFO] [stderr]    Compiling atty v0.2.14
[INFO] [stderr]    Compiling which v4.2.4
[INFO] [stderr]    Compiling clap v2.34.0
[INFO] [stderr]    Compiling regex v1.5.4
[INFO] [stderr]    Compiling cexpr v0.6.0
[INFO] [stderr]    Compiling env_logger v0.9.0
[INFO] [stderr]    Compiling thiserror-impl v1.0.30
[INFO] [stderr]     Checking thiserror v1.0.30
[INFO] [stderr]    Compiling mira v0.1.21 (/opt/rustwide/workdir)
[INFO] [stdout] error[E0433]: failed to resolve: use of undeclared crate or module `fermium`
[INFO] [stdout]  --> examples/color.rs:5:5
[INFO] [stdout]   |
[INFO] [stdout] 5 | use fermium::events::*;
[INFO] [stdout]   |     ^^^^^^^ use of undeclared crate or module `fermium`
[INFO] [stdout] 
[INFO] [stdout] 
[INFO] [stdout] error[E0433]: failed to resolve: use of undeclared crate or module `fermium`
[INFO] [stdout]  --> examples/color.rs:6:5
[INFO] [stdout]   |
[INFO] [stdout] 6 | use fermium::stdinc::*;
[INFO] [stdout]   |     ^^^^^^^ use of undeclared crate or module `fermium`
[INFO] [stdout] 
[INFO] [stdout] 
[INFO] [stdout] error[E0433]: failed to resolve: use of undeclared crate or module `fermium`
[INFO] [stdout]  --> examples/color.rs:7:5
[INFO] [stdout]   |
[INFO] [stdout] 7 | use fermium::video::*;
[INFO] [stdout]   |     ^^^^^^^ use of undeclared crate or module `fermium`
[INFO] [stdout] 
[INFO] [stdout] 
[INFO] [stdout] error[E0433]: failed to resolve: use of undeclared crate or module `fermium`
[INFO] [stdout]  --> examples/color.rs:8:5
[INFO] [stdout]   |
[INFO] [stdout] 8 | use fermium::vulkan::{SDL_Vulkan_CreateSurface, SDL_Vulkan_GetInstanceExtensions};
[INFO] [stdout]   |     ^^^^^^^ use of undeclared crate or module `fermium`
[INFO] [stdout] 
[INFO] [stdout] 
[INFO] [stdout] error[E0432]: unresolved imports `fermium::events::*`, `fermium::stdinc::*`, `fermium::video::*`, `fermium::vulkan::SDL_Vulkan_CreateSurface`, `fermium::vulkan::SDL_Vulkan_GetInstanceExtensions`, `fermium`
[INFO] [stdout]  --> examples/color.rs:5:5
[INFO] [stdout]   |
[INFO] [stdout] 5 | use fermium::events::*;
[INFO] [stdout]   |     ^^^^^^^^^^^^^^^^^^
[INFO] [stdout] 6 | use fermium::stdinc::*;
[INFO] [stdout]   |     ^^^^^^^^^^^^^^^^^^
[INFO] [stdout] 7 | use fermium::video::*;
[INFO] [stdout]   |     ^^^^^^^^^^^^^^^^^
[INFO] [stdout] 8 | use fermium::vulkan::{SDL_Vulkan_CreateSurface, SDL_Vulkan_GetInstanceExtensions};
[INFO] [stdout]   |                       ^^^^^^^^^^^^^^^^^^^^^^^^  ^^^^^^^^^^^^^^^^^^^^^^^^^^^^^^^^
[INFO] [stdout] 9 | use fermium::*;
[INFO] [stdout]   |     ^^^^^^^ use of undeclared crate or module `fermium`
[INFO] [stdout] 
[INFO] [stdout] 
[INFO] [stdout] error[E0432]: unresolved import `mira::vulkan_memory_allocator`
[INFO] [stdout]  --> examples/device_extensions.rs:6:11
[INFO] [stdout]   |
[INFO] [stdout] 6 | use mira::vulkan_memory_allocator::{VmaAllocator, VmaAllocatorCreateInfo, VmaVulkanFunctions, vmaCreateAllocator};
[INFO] [stdout]   |           ^^^^^^^^^^^^^^^^^^^^^^^ could not find `vulkan_memory_allocator` in `mira`
[INFO] [stdout] 
[INFO] [stdout] 
[INFO] [stdout] error[E0432]: unresolved import `mira::vulkan_memory_allocator`
[INFO] [stdout]  --> examples/device_extensions.rs:7:5
[INFO] [stdout]   |
[INFO] [stdout] 7 | use mira::vulkan_memory_allocator;
[INFO] [stdout]   |     ^^^^^^^^^^^^^^^^^^^^^^^^^^^^^ no `vulkan_memory_allocator` in the root
[INFO] [stdout] 
[INFO] [stdout] 
[INFO] [stdout] warning: unused import: `VkDevice`
[INFO] [stdout]  --> examples/device_extensions.rs:5:20
[INFO] [stdout]   |
[INFO] [stdout] 5 | use mira::vulkan::{VkDevice, VkInstance, VkPhysicalDevice, VkInstanceCreateInfo, VK_STRUCTURE_TYPE_INSTANCE_CREATE_INFO, PFN_vkCreateInst...
[INFO] [stdout]   |                    ^^^^^^^^
[INFO] [stdout]   |
[INFO] [stdout]   = note: `#[warn(unused_imports)]` on by default
[INFO] [stdout] 
[INFO] [stdout] 
[INFO] [stdout] error: aborting due to 2 previous errors; 1 warning emitted
[INFO] [stdout] 
[INFO] [stdout] 
[INFO] [stdout] For more information about this error, try `rustc --explain E0432`.
[INFO] [stdout] 
[INFO] [stderr] error: could not compile `mira` (example "device_extensions") due to 3 previous errors; 1 warning emitted
[INFO] [stderr] warning: build failed, waiting for other jobs to finish...
[INFO] [stdout] error[E0433]: failed to resolve: use of undeclared crate or module `fermium`
[INFO] [stdout]    --> examples/color.rs:112:22
[INFO] [stdout]     |
[INFO] [stdout] 112 |     let mut surface: fermium::vulkan::VkSurfaceKHR = unsafe { std::mem::zeroed() };
[INFO] [stdout]     |                      ^^^^^^^ use of undeclared crate or module `fermium`
[INFO] [stdout] 
[INFO] [stdout] 
[INFO] [stdout] error[E0433]: failed to resolve: use of undeclared crate or module `fermium`
[INFO] [stdout]    --> examples/color.rs:116:13
[INFO] [stdout]     |
[INFO] [stdout] 116 |             fermium::vulkan::VkInstance(instance as *mut c_void),
[INFO] [stdout]     |             ^^^^^^^ use of undeclared crate or module `fermium`
[INFO] [stdout] 
[INFO] [stdout] 
[INFO] [stdout] error[E0408]: variable `SDL_WINDOWEVENT_SIZE_CHANGED` is not bound in all patterns
[INFO] [stdout]    --> examples/color.rs:383:19
[INFO] [stdout]     |
[INFO] [stdout] 382 |                 SDL_WINDOWEVENT_SIZE_CHANGED
[INFO] [stdout]     |                 ---------------------------- variable not in all patterns
[INFO] [stdout] 383 |                 | SDL_WINDOWEVENT_MINIMIZED
[INFO] [stdout]     |                   ^^^^^^^^^^^^^^^^^^^^^^^^^ pattern doesn't bind `SDL_WINDOWEVENT_SIZE_CHANGED`
[INFO] [stdout] 384 |                 | SDL_WINDOWEVENT_EXPOSED => {
[INFO] [stdout]     |                   ^^^^^^^^^^^^^^^^^^^^^^^ pattern doesn't bind `SDL_WINDOWEVENT_SIZE_CHANGED`
[INFO] [stdout]     |
[INFO] [stdout] help: if you meant to match on a variant or a `const` item, consider making the path in the pattern qualified: `path::to::ModOrType::SDL_WINDOWEVENT_SIZE_CHANGED`
[INFO] [stdout]    --> examples/color.rs:382:17
[INFO] [stdout]     |
[INFO] [stdout] 382 |                 SDL_WINDOWEVENT_SIZE_CHANGED
[INFO] [stdout]     |                 ^^^^^^^^^^^^^^^^^^^^^^^^^^^^
[INFO] [stdout] 
[INFO] [stdout] 
[INFO] [stdout] error[E0408]: variable `SDL_WINDOWEVENT_MINIMIZED` is not bound in all patterns
[INFO] [stdout]    --> examples/color.rs:382:17
[INFO] [stdout]     |
[INFO] [stdout] 382 |                 SDL_WINDOWEVENT_SIZE_CHANGED
[INFO] [stdout]     |                 ^^^^^^^^^^^^^^^^^^^^^^^^^^^^ pattern doesn't bind `SDL_WINDOWEVENT_MINIMIZED`
[INFO] [stdout] 383 |                 | SDL_WINDOWEVENT_MINIMIZED
[INFO] [stdout]     |                   ------------------------- variable not in all patterns
[INFO] [stdout] 384 |                 | SDL_WINDOWEVENT_EXPOSED => {
[INFO] [stdout]     |                   ^^^^^^^^^^^^^^^^^^^^^^^ pattern doesn't bind `SDL_WINDOWEVENT_MINIMIZED`
[INFO] [stdout]     |
[INFO] [stdout] help: if you meant to match on a variant or a `const` item, consider making the path in the pattern qualified: `path::to::ModOrType::SDL_WINDOWEVENT_MINIMIZED`
[INFO] [stdout]    --> examples/color.rs:383:19
[INFO] [stdout]     |
[INFO] [stdout] 383 |                 | SDL_WINDOWEVENT_MINIMIZED
[INFO] [stdout]     |                   ^^^^^^^^^^^^^^^^^^^^^^^^^
[INFO] [stdout] 
[INFO] [stdout] 
[INFO] [stdout] error[E0408]: variable `SDL_WINDOWEVENT_EXPOSED` is not bound in all patterns
[INFO] [stdout]    --> examples/color.rs:382:17
[INFO] [stdout]     |
[INFO] [stdout] 382 |                 SDL_WINDOWEVENT_SIZE_CHANGED
[INFO] [stdout]     |                 ^^^^^^^^^^^^^^^^^^^^^^^^^^^^ pattern doesn't bind `SDL_WINDOWEVENT_EXPOSED`
[INFO] [stdout] 383 |                 | SDL_WINDOWEVENT_MINIMIZED
[INFO] [stdout]     |                   ^^^^^^^^^^^^^^^^^^^^^^^^^ pattern doesn't bind `SDL_WINDOWEVENT_EXPOSED`
[INFO] [stdout] 384 |                 | SDL_WINDOWEVENT_EXPOSED => {
[INFO] [stdout]     |                   ----------------------- variable not in all patterns
[INFO] [stdout]     |
[INFO] [stdout] help: if you meant to match on a variant or a `const` item, consider making the path in the pattern qualified: `path::to::ModOrType::SDL_WINDOWEVENT_EXPOSED`
[INFO] [stdout]    --> examples/color.rs:384:19
[INFO] [stdout]     |
[INFO] [stdout] 384 |                 | SDL_WINDOWEVENT_EXPOSED => {
[INFO] [stdout]     |                   ^^^^^^^^^^^^^^^^^^^^^^^
[INFO] [stdout] 
[INFO] [stdout] 
[INFO] [stdout] error[E0425]: cannot find value `SDL_INIT_VIDEO` in this scope
[INFO] [stdout]   --> examples/color.rs:20:27
[INFO] [stdout]    |
[INFO] [stdout] 20 |         SDL_InitSubSystem(SDL_INIT_VIDEO);
[INFO] [stdout]    |                           ^^^^^^^^^^^^^^ not found in this scope
[INFO] [stdout] 
[INFO] [stdout] 
[INFO] [stdout] error[E0425]: cannot find value `SDL_WINDOW_VULKAN` in this scope
[INFO] [stdout]   --> examples/color.rs:23:24
[INFO] [stdout]    |
[INFO] [stdout] 23 |     const FLAGS: u32 = SDL_WINDOW_VULKAN.0 | SDL_WINDOW_ALLOW_HIGHDPI.0 | SDL_WINDOW_RESIZABLE.0;
[INFO] [stdout]    |                        ^^^^^^^^^^^^^^^^^ not found in this scope
[INFO] [stdout] 
[INFO] [stdout] 
[INFO] [stdout] error[E0425]: cannot find value `SDL_WINDOW_ALLOW_HIGHDPI` in this scope
[INFO] [stdout]   --> examples/color.rs:23:46
[INFO] [stdout]    |
[INFO] [stdout] 23 |     const FLAGS: u32 = SDL_WINDOW_VULKAN.0 | SDL_WINDOW_ALLOW_HIGHDPI.0 | SDL_WINDOW_RESIZABLE.0;
[INFO] [stdout]    |                                              ^^^^^^^^^^^^^^^^^^^^^^^^ not found in this scope
[INFO] [stdout] 
[INFO] [stdout] 
[INFO] [stdout] error[E0425]: cannot find value `SDL_WINDOW_RESIZABLE` in this scope
[INFO] [stdout]   --> examples/color.rs:23:75
[INFO] [stdout]    |
[INFO] [stdout] 23 |     const FLAGS: u32 = SDL_WINDOW_VULKAN.0 | SDL_WINDOW_ALLOW_HIGHDPI.0 | SDL_WINDOW_RESIZABLE.0;
[INFO] [stdout]    |                                                                           ^^^^^^^^^^^^^^^^^^^^ not found in this scope
[INFO] [stdout] 
[INFO] [stdout] 
[INFO] [stdout] error[E0425]: cannot find value `SDL_WINDOWPOS_CENTERED` in this scope
[INFO] [stdout]   --> examples/color.rs:28:13
[INFO] [stdout]    |
[INFO] [stdout] 28 |             SDL_WINDOWPOS_CENTERED,
[INFO] [stdout]    |             ^^^^^^^^^^^^^^^^^^^^^^ not found in this scope
[INFO] [stdout] 
[INFO] [stdout] 
[INFO] [stdout] error[E0425]: cannot find value `SDL_WINDOWPOS_CENTERED` in this scope
[INFO] [stdout]   --> examples/color.rs:29:13
[INFO] [stdout]    |
[INFO] [stdout] 29 |             SDL_WINDOWPOS_CENTERED,
[INFO] [stdout]    |             ^^^^^^^^^^^^^^^^^^^^^^ not found in this scope
[INFO] [stdout] 
[INFO] [stdout] 
[INFO] [stdout] error[E0412]: cannot find type `c_void` in this scope
[INFO] [stdout]    --> examples/color.rs:116:58
[INFO] [stdout]     |
[INFO] [stdout] 116 |             fermium::vulkan::VkInstance(instance as *mut c_void),
[INFO] [stdout]     |                                                          ^^^^^^ not found in this scope
[INFO] [stdout]     |
[INFO] [stdout] help: consider importing one of these items
[INFO] [stdout]     |
[INFO] [stdout] 2   + use core::ffi::c_void;
[INFO] [stdout]     |
[INFO] [stdout] 2   + use std::ffi::c_void;
[INFO] [stdout]     |
[INFO] [stdout] 2   + use std::os::raw::c_void;
[INFO] [stdout]     |
[INFO] [stdout] 
[INFO] [stdout] 
[INFO] [stdout] error[E0425]: cannot find value `SDL_FALSE` in this scope
[INFO] [stdout]    --> examples/color.rs:119:10
[INFO] [stdout]     |
[INFO] [stdout] 119 |     } == SDL_FALSE
[INFO] [stdout]     |          ^^^^^^^^^ help: a constant with a similar name exists: `VK_FALSE`
[INFO] [stdout]     |
[INFO] [stdout]    ::: /opt/rustwide/workdir/src/vulkan.rs:182:1
[INFO] [stdout]     |
[INFO] [stdout] 182 | pub const VK_FALSE: u32 = 0;
[INFO] [stdout]     | ----------------------- similarly named constant `VK_FALSE` defined here
[INFO] [stdout] 
[INFO] [stdout] 
[INFO] [stdout] error[E0412]: cannot find type `SDL_Event` in this scope
[INFO] [stdout]    --> examples/color.rs:372:25
[INFO] [stdout]     |
[INFO] [stdout] 372 |     let mut last_event: SDL_Event = unsafe { std::mem::zeroed() };
[INFO] [stdout]     |                         ^^^^^^^^^ not found in this scope
[INFO] [stdout] 
[INFO] [stdout] 
[INFO] [stdout] error[E0412]: cannot find type `SDL_Event` in this scope
[INFO] [stdout]    --> examples/color.rs:375:24
[INFO] [stdout]     |
[INFO] [stdout] 375 |         let mut event: SDL_Event = unsafe { std::mem::zeroed() };
[INFO] [stdout]     |                        ^^^^^^^^^ not found in this scope
[INFO] [stdout] 
[INFO] [stdout] 
[INFO] [stdout] error[E0425]: cannot find value `SDL_WINDOWEVENT` in this scope
[INFO] [stdout]    --> examples/color.rs:378:38
[INFO] [stdout]     |
[INFO] [stdout] 378 |         if unsafe { event.type_ } == SDL_WINDOWEVENT
[INFO] [stdout]     |                                      ^^^^^^^^^^^^^^^ not found in this scope
[INFO] [stdout] 
[INFO] [stdout] 
[INFO] [stdout] error[E0425]: cannot find function, tuple struct or tuple variant `SDL_InitSubSystem` in this scope
[INFO] [stdout]   --> examples/color.rs:20:9
[INFO] [stdout]    |
[INFO] [stdout] 20 |         SDL_InitSubSystem(SDL_INIT_VIDEO);
[INFO] [stdout]    |         ^^^^^^^^^^^^^^^^^ not found in this scope
[INFO] [stdout] 
[INFO] [stdout] 
[INFO] [stdout] error[E0425]: cannot find function, tuple struct or tuple variant `SDL_CreateWindow` in this scope
[INFO] [stdout]   --> examples/color.rs:26:9
[INFO] [stdout]    |
[INFO] [stdout] 26 |         SDL_CreateWindow(
[INFO] [stdout]    |         ^^^^^^^^^^^^^^^^ not found in this scope
[INFO] [stdout] 
[INFO] [stdout] 
[INFO] [stdout] error[E0425]: cannot find function, tuple struct or tuple variant `SDL_GetWindowID` in this scope
[INFO] [stdout]   --> examples/color.rs:39:30
[INFO] [stdout]    |
[INFO] [stdout] 39 |     let window_id = unsafe { SDL_GetWindowID(window) };
[INFO] [stdout]    |                              ^^^^^^^^^^^^^^^ not found in this scope
[INFO] [stdout] 
[INFO] [stdout] 
[INFO] [stdout] error[E0425]: cannot find function, tuple struct or tuple variant `SDL_PollEvent` in this scope
[INFO] [stdout]    --> examples/color.rs:376:18
[INFO] [stdout]     |
[INFO] [stdout] 376 |         unsafe { SDL_PollEvent(&mut event) };
[INFO] [stdout]     |                  ^^^^^^^^^^^^^ not found in this scope
[INFO] [stdout] 
[INFO] [stdout] 
[INFO] [stdout] error[E0425]: cannot find function, tuple struct or tuple variant `SDL_DestroyWindow` in this scope
[INFO] [stdout]    --> examples/color.rs:705:9
[INFO] [stdout]     |
[INFO] [stdout] 705 |         SDL_DestroyWindow(window);
[INFO] [stdout]     |         ^^^^^^^^^^^^^^^^^ not found in this scope
[INFO] [stdout] 
[INFO] [stdout] 
[INFO] [stdout] error: aborting due to 26 previous errors
[INFO] [stdout] 
[INFO] [stdout] 
[INFO] [stdout] Some errors have detailed explanations: E0408, E0412, E0425, E0432, E0433.
[INFO] [stdout] 
[INFO] [stdout] For more information about an error, try `rustc --explain E0408`.
[INFO] [stdout] 
[INFO] [stderr] error: could not compile `mira` (example "color") due to 27 previous errors
[INFO] running `Command { std: "docker" "inspect" "d048ffc9548ca6bc05ee46f8348ded41f58e1e285237085f5cc45bd40c7fbbc8", kill_on_drop: false }`
[INFO] running `Command { std: "docker" "rm" "-f" "d048ffc9548ca6bc05ee46f8348ded41f58e1e285237085f5cc45bd40c7fbbc8", kill_on_drop: false }`
[INFO] [stdout] d048ffc9548ca6bc05ee46f8348ded41f58e1e285237085f5cc45bd40c7fbbc8
